{"id":49,"date":"2018-11-19T21:54:12","date_gmt":"2018-11-19T21:54:12","guid":{"rendered":"http:\/\/cyle.fr\/aurel\/wp\/?page_id=49"},"modified":"2024-09-12T13:50:55","modified_gmt":"2024-09-12T13:50:55","slug":"mes-pratiques","status":"publish","type":"page","link":"https:\/\/aurelierenard.fr\/index.php\/mes-pratiques\/","title":{"rendered":"Mes pratiques"},"content":{"rendered":"<ul>\n<li>\u00a0<strong>Les formations me permettant de vous accompagner de mani\u00e8re adapt\u00e9e :<\/strong><\/li>\n<\/ul>\n<p>&gt; Th\u00e9rapie de <a href=\"https:\/\/aurelierenard.fr\/index.php\/lenfant-interieur\/\">l&rsquo;Enfant Int\u00e9rieur<\/a> (\u00e9cole de l&rsquo;Enfant Int\u00e9rieur, Annecy)<br \/>&gt; <a href=\"https:\/\/aurelierenard.fr\/index.php\/pnl\/\">Praticienne\u00a0 PNL<\/a> certifi\u00e9e NLPNL (\u00e9cole R\u00e9a-Active\u00a0 <a href=\"https:\/\/www.mieux-vivre-pnl.fr\/\">https:\/\/www.mieux-vivre-pnl.fr\/)<\/a><br \/>&gt; <a href=\"https:\/\/aurelierenard.fr\/index.php\/sba-emdr\/\">SBA<\/a> (\u00e9cole R\u00e9a-active M. Pace)<br \/>&gt; Psychologie g\u00e9n\u00e9rale\u00a0 (CNFDI)<br \/>&gt; Coh\u00e9rence cardiaque (\u00e9cole R\u00e9a-Active)<br \/>&gt; Psychog\u00e9n\u00e9alogie (Paola Del Castillo)<\/p>\n<ul>\n<li>\u00a0<strong>Les formations en <a href=\"https:\/\/aurelierenard.fr\/index.php\/soins-energetiques\/\">soins \u00e9nerg\u00e9tiques<\/a><\/strong> :<\/li>\n<\/ul>\n<p>&gt; Transmission Vibratoire\u00ae niveau 4 et Reiki niveau 2<br \/>&gt; Praticienne Access Bars\u00ae<\/p>\n\n\n<p><\/p>\n","protected":false},"excerpt":{"rendered":"<p>\u00a0Les formations me permettant de vous accompagner de mani\u00e8re adapt\u00e9e : &gt; Th\u00e9rapie de l&rsquo;Enfant Int\u00e9rieur (\u00e9cole de l&rsquo;Enfant Int\u00e9rieur, Annecy)&gt; Praticienne\u00a0 PNL certifi\u00e9e NLPNL (\u00e9cole R\u00e9a-Active\u00a0 https:\/\/www.mieux-vivre-pnl.fr\/)&gt; SBA (\u00e9cole R\u00e9a-active M. Pace)&gt; Psychologie g\u00e9n\u00e9rale\u00a0 (CNFDI)&gt; Coh\u00e9rence cardiaque (\u00e9cole R\u00e9a-Active)&gt; Psychog\u00e9n\u00e9alogie (Paola Del Castillo) \u00a0Les formations en soins \u00e9nerg\u00e9tiques : &gt; Transmission Vibratoire\u00ae niveau 4 &hellip; <\/p>\n<p class=\"link-more\"><a href=\"https:\/\/aurelierenard.fr\/index.php\/mes-pratiques\/\" class=\"more-link\">Continuer la lecture<span class=\"screen-reader-text\"> de &laquo;&nbsp;Mes pratiques&nbsp;&raquo;<\/span><\/a><\/p>\n","protected":false},"author":1,"featured_media":0,"parent":0,"menu_order":0,"comment_status":"closed","ping_status":"closed","template":"","meta":{"footnotes":""},"class_list":["post-49","page","type-page","status-publish","hentry"],"yoast_head":"<!-- This site is optimized with the Yoast SEO plugin v24.9 - https:\/\/yoast.com\/wordpress\/plugins\/seo\/ -->\n<title>Mes pratiques - Aur\u00e9lie Renard<\/title>\n<meta name=\"robots\" content=\"index, follow, max-snippet:-1, max-image-preview:large, max-video-preview:-1\" \/>\n<link rel=\"canonical\" href=\"https:\/\/aurelierenard.fr\/index.php\/mes-pratiques\/\" \/>\n<meta property=\"og:locale\" content=\"fr_FR\" \/>\n<meta property=\"og:type\" content=\"article\" \/>\n<meta property=\"og:title\" content=\"Mes pratiques - Aur\u00e9lie Renard\" \/>\n<meta property=\"og:description\" content=\"\u00a0Les formations me permettant de vous accompagner de mani\u00e8re adapt\u00e9e : &gt; Th\u00e9rapie de l&rsquo;Enfant Int\u00e9rieur (\u00e9cole de l&rsquo;Enfant Int\u00e9rieur, Annecy)&gt; Praticienne\u00a0 PNL certifi\u00e9e NLPNL (\u00e9cole R\u00e9a-Active\u00a0 https:\/\/www.mieux-vivre-pnl.fr\/)&gt; SBA (\u00e9cole R\u00e9a-active M. Pace)&gt; Psychologie g\u00e9n\u00e9rale\u00a0 (CNFDI)&gt; Coh\u00e9rence cardiaque (\u00e9cole R\u00e9a-Active)&gt; Psychog\u00e9n\u00e9alogie (Paola Del Castillo) \u00a0Les formations en soins \u00e9nerg\u00e9tiques : &gt; Transmission Vibratoire\u00ae niveau 4 &hellip; Continuer la lecture de &laquo;&nbsp;Mes pratiques&nbsp;&raquo;\" \/>\n<meta property=\"og:url\" content=\"https:\/\/aurelierenard.fr\/index.php\/mes-pratiques\/\" \/>\n<meta property=\"og:site_name\" content=\"Aur\u00e9lie Renard\" \/>\n<meta property=\"article:modified_time\" content=\"2024-09-12T13:50:55+00:00\" \/>\n<meta name=\"twitter:card\" content=\"summary_large_image\" \/>\n<meta name=\"twitter:label1\" content=\"Dur\u00e9e de lecture estim\u00e9e\" \/>\n\t<meta name=\"twitter:data1\" content=\"1 minute\" \/>\n<script type=\"application\/ld+json\" class=\"yoast-schema-graph\">{\"@context\":\"https:\/\/schema.org\",\"@graph\":[{\"@type\":\"WebPage\",\"@id\":\"https:\/\/aurelierenard.fr\/index.php\/mes-pratiques\/\",\"url\":\"https:\/\/aurelierenard.fr\/index.php\/mes-pratiques\/\",\"name\":\"Mes pratiques - Aur\u00e9lie Renard\",\"isPartOf\":{\"@id\":\"https:\/\/aurelierenard.fr\/#website\"},\"datePublished\":\"2018-11-19T21:54:12+00:00\",\"dateModified\":\"2024-09-12T13:50:55+00:00\",\"breadcrumb\":{\"@id\":\"https:\/\/aurelierenard.fr\/index.php\/mes-pratiques\/#breadcrumb\"},\"inLanguage\":\"fr-FR\",\"potentialAction\":[{\"@type\":\"ReadAction\",\"target\":[\"https:\/\/aurelierenard.fr\/index.php\/mes-pratiques\/\"]}]},{\"@type\":\"BreadcrumbList\",\"@id\":\"https:\/\/aurelierenard.fr\/index.php\/mes-pratiques\/#breadcrumb\",\"itemListElement\":[{\"@type\":\"ListItem\",\"position\":1,\"name\":\"Accueil\",\"item\":\"https:\/\/aurelierenard.fr\/\"},{\"@type\":\"ListItem\",\"position\":2,\"name\":\"Mes pratiques\"}]},{\"@type\":\"WebSite\",\"@id\":\"https:\/\/aurelierenard.fr\/#website\",\"url\":\"https:\/\/aurelierenard.fr\/\",\"name\":\"Aur\u00e9lie Renard\",\"description\":\"Psychopraticienne - th\u00e9rapie de l&#039;Enfant Int\u00e9rieur - \u00e9nerg\u00e9ticienne\",\"potentialAction\":[{\"@type\":\"SearchAction\",\"target\":{\"@type\":\"EntryPoint\",\"urlTemplate\":\"https:\/\/aurelierenard.fr\/?s={search_term_string}\"},\"query-input\":{\"@type\":\"PropertyValueSpecification\",\"valueRequired\":true,\"valueName\":\"search_term_string\"}}],\"inLanguage\":\"fr-FR\"}]}<\/script>\n<!-- \/ Yoast SEO plugin. -->","yoast_head_json":{"title":"Mes pratiques - Aur\u00e9lie Renard","robots":{"index":"index","follow":"follow","max-snippet":"max-snippet:-1","max-image-preview":"max-image-preview:large","max-video-preview":"max-video-preview:-1"},"canonical":"https:\/\/aurelierenard.fr\/index.php\/mes-pratiques\/","og_locale":"fr_FR","og_type":"article","og_title":"Mes pratiques - Aur\u00e9lie Renard","og_description":"\u00a0Les formations me permettant de vous accompagner de mani\u00e8re adapt\u00e9e : &gt; Th\u00e9rapie de l&rsquo;Enfant Int\u00e9rieur (\u00e9cole de l&rsquo;Enfant Int\u00e9rieur, Annecy)&gt; Praticienne\u00a0 PNL certifi\u00e9e NLPNL (\u00e9cole R\u00e9a-Active\u00a0 https:\/\/www.mieux-vivre-pnl.fr\/)&gt; SBA (\u00e9cole R\u00e9a-active M. Pace)&gt; Psychologie g\u00e9n\u00e9rale\u00a0 (CNFDI)&gt; Coh\u00e9rence cardiaque (\u00e9cole R\u00e9a-Active)&gt; Psychog\u00e9n\u00e9alogie (Paola Del Castillo) \u00a0Les formations en soins \u00e9nerg\u00e9tiques : &gt; Transmission Vibratoire\u00ae niveau 4 &hellip; Continuer la lecture de &laquo;&nbsp;Mes pratiques&nbsp;&raquo;","og_url":"https:\/\/aurelierenard.fr\/index.php\/mes-pratiques\/","og_site_name":"Aur\u00e9lie Renard","article_modified_time":"2024-09-12T13:50:55+00:00","twitter_card":"summary_large_image","twitter_misc":{"Dur\u00e9e de lecture estim\u00e9e":"1 minute"},"schema":{"@context":"https:\/\/schema.org","@graph":[{"@type":"WebPage","@id":"https:\/\/aurelierenard.fr\/index.php\/mes-pratiques\/","url":"https:\/\/aurelierenard.fr\/index.php\/mes-pratiques\/","name":"Mes pratiques - Aur\u00e9lie Renard","isPartOf":{"@id":"https:\/\/aurelierenard.fr\/#website"},"datePublished":"2018-11-19T21:54:12+00:00","dateModified":"2024-09-12T13:50:55+00:00","breadcrumb":{"@id":"https:\/\/aurelierenard.fr\/index.php\/mes-pratiques\/#breadcrumb"},"inLanguage":"fr-FR","potentialAction":[{"@type":"ReadAction","target":["https:\/\/aurelierenard.fr\/index.php\/mes-pratiques\/"]}]},{"@type":"BreadcrumbList","@id":"https:\/\/aurelierenard.fr\/index.php\/mes-pratiques\/#breadcrumb","itemListElement":[{"@type":"ListItem","position":1,"name":"Accueil","item":"https:\/\/aurelierenard.fr\/"},{"@type":"ListItem","position":2,"name":"Mes pratiques"}]},{"@type":"WebSite","@id":"https:\/\/aurelierenard.fr\/#website","url":"https:\/\/aurelierenard.fr\/","name":"Aur\u00e9lie Renard","description":"Psychopraticienne - th\u00e9rapie de l&#039;Enfant Int\u00e9rieur - \u00e9nerg\u00e9ticienne","potentialAction":[{"@type":"SearchAction","target":{"@type":"EntryPoint","urlTemplate":"https:\/\/aurelierenard.fr\/?s={search_term_string}"},"query-input":{"@type":"PropertyValueSpecification","valueRequired":true,"valueName":"search_term_string"}}],"inLanguage":"fr-FR"}]}},"_links":{"self":[{"href":"https:\/\/aurelierenard.fr\/index.php\/wp-json\/wp\/v2\/pages\/49","targetHints":{"allow":["GET"]}}],"collection":[{"href":"https:\/\/aurelierenard.fr\/index.php\/wp-json\/wp\/v2\/pages"}],"about":[{"href":"https:\/\/aurelierenard.fr\/index.php\/wp-json\/wp\/v2\/types\/page"}],"author":[{"embeddable":true,"href":"https:\/\/aurelierenard.fr\/index.php\/wp-json\/wp\/v2\/users\/1"}],"replies":[{"embeddable":true,"href":"https:\/\/aurelierenard.fr\/index.php\/wp-json\/wp\/v2\/comments?post=49"}],"version-history":[{"count":29,"href":"https:\/\/aurelierenard.fr\/index.php\/wp-json\/wp\/v2\/pages\/49\/revisions"}],"predecessor-version":[{"id":2567,"href":"https:\/\/aurelierenard.fr\/index.php\/wp-json\/wp\/v2\/pages\/49\/revisions\/2567"}],"wp:attachment":[{"href":"https:\/\/aurelierenard.fr\/index.php\/wp-json\/wp\/v2\/media?parent=49"}],"curies":[{"name":"wp","href":"https:\/\/api.w.org\/{rel}","templated":true}]}}