{"id":62,"date":"2018-11-20T14:55:00","date_gmt":"2018-11-20T14:55:00","guid":{"rendered":"http:\/\/cyle.fr\/aurel\/wp\/?page_id=62"},"modified":"2024-09-12T11:25:31","modified_gmt":"2024-09-12T11:25:31","slug":"contact","status":"publish","type":"page","link":"https:\/\/aurelierenard.fr\/index.php\/contact\/","title":{"rendered":"Contact"},"content":{"rendered":"<p style=\"text-align: center;\"><img loading=\"lazy\" decoding=\"async\" class=\"wp-image-247 alignleft\" src=\"http:\/\/cyle.fr\/aurel\/wp\/wp-content\/uploads\/2019\/02\/chalet-300x200.jpg\" alt=\"\" width=\"251\" height=\"167\" srcset=\"https:\/\/aurelierenard.fr\/wp-content\/uploads\/2019\/02\/chalet-300x200.jpg 300w, https:\/\/aurelierenard.fr\/wp-content\/uploads\/2019\/02\/chalet-768x512.jpg 768w, https:\/\/aurelierenard.fr\/wp-content\/uploads\/2019\/02\/chalet-1024x683.jpg 1024w\" sizes=\"auto, (max-width: 251px) 100vw, 251px\" \/><\/p>\n<p style=\"text-align: center;\">Sur rendez-vous au chalet :<\/p>\n<p style=\"text-align: center;\"><span style=\"color: #800080;\">205 chemin des T\u00e2tes<\/span><\/p>\n<p style=\"text-align: center;\"><span style=\"color: #800080;\">74300 LOVAGNY<\/span><\/p>\n<p><strong><img loading=\"lazy\" decoding=\"async\" class=\"alignright wp-image-148 size-thumbnail\" src=\"http:\/\/cyle.fr\/aurel\/wp\/wp-content\/uploads\/2018\/11\/interieur3-150x150.jpg\" alt=\"\" width=\"150\" height=\"150\" srcset=\"https:\/\/aurelierenard.fr\/wp-content\/uploads\/2018\/11\/interieur3-150x150.jpg 150w, https:\/\/aurelierenard.fr\/wp-content\/uploads\/2018\/11\/interieur3-100x100.jpg 100w\" sizes=\"auto, (max-width: 150px) 100vw, 150px\" \/><\/strong><\/p>\n<p style=\"text-align: center;\">Vous pouvez me joindre par t\u00e9l\u00e9phone : <span style=\"color: #800080;\"><strong>06.23.13.22.94\u00a0\u00a0<\/strong><\/span><\/p>\n<p style=\"text-align: center;\">ou en m&rsquo;envoyant un message en m&rsquo;indiquant bien votre demande, votre pr\u00e9nom et un num\u00e9ro de t\u00e9l\u00e9phone\u00a0 :<\/p>\n\n<div class=\"wpcf7 no-js\" id=\"wpcf7-f138-o1\" lang=\"fr-FR\" dir=\"ltr\">\n<div class=\"screen-reader-response\"><p role=\"status\" aria-live=\"polite\" aria-atomic=\"true\"><\/p> <ul><\/ul><\/div>\n<form action=\"\/index.php\/wp-json\/wp\/v2\/pages\/62#wpcf7-f138-o1\" method=\"post\" class=\"wpcf7-form init\" aria-label=\"Formulaire de contact\" novalidate=\"novalidate\" data-status=\"init\">\n<div style=\"display: none;\">\n<input type=\"hidden\" name=\"_wpcf7\" value=\"138\" \/>\n<input type=\"hidden\" name=\"_wpcf7_version\" value=\"5.7.7\" \/>\n<input type=\"hidden\" name=\"_wpcf7_locale\" value=\"fr_FR\" \/>\n<input type=\"hidden\" name=\"_wpcf7_unit_tag\" value=\"wpcf7-f138-o1\" \/>\n<input type=\"hidden\" name=\"_wpcf7_container_post\" value=\"0\" \/>\n<input type=\"hidden\" name=\"_wpcf7_posted_data_hash\" value=\"\" \/>\n<\/div>\n<p><label> Votre nom (obligatoire)<br \/>\n<span class=\"wpcf7-form-control-wrap\" data-name=\"your-name\"><input size=\"40\" class=\"wpcf7-form-control wpcf7-text wpcf7-validates-as-required\" aria-required=\"true\" aria-invalid=\"false\" value=\"\" type=\"text\" name=\"your-name\" \/><\/span> <\/label>\n<\/p>\n<p><label> Votre adresse de messagerie (obligatoire)<br \/>\n<span class=\"wpcf7-form-control-wrap\" data-name=\"your-email\"><input size=\"40\" class=\"wpcf7-form-control wpcf7-text wpcf7-email wpcf7-validates-as-required wpcf7-validates-as-email\" aria-required=\"true\" aria-invalid=\"false\" value=\"\" type=\"email\" name=\"your-email\" \/><\/span> <\/label>\n<\/p>\n<p><label> Objet<br \/>\n<span class=\"wpcf7-form-control-wrap\" data-name=\"your-subject\"><input size=\"40\" class=\"wpcf7-form-control wpcf7-text\" aria-invalid=\"false\" value=\"\" type=\"text\" name=\"your-subject\" \/><\/span> <\/label>\n<\/p>\n<p><label> Votre message<br \/>\n<span class=\"wpcf7-form-control-wrap\" data-name=\"your-message\"><textarea cols=\"40\" rows=\"10\" class=\"wpcf7-form-control wpcf7-textarea\" aria-invalid=\"false\" name=\"your-message\"><\/textarea><\/span> <\/label>\n<\/p>\n<p><input class=\"wpcf7-form-control has-spinner wpcf7-submit\" type=\"submit\" value=\"Envoyer\" \/>\n<\/p><p style=\"display: none !important;\" class=\"akismet-fields-container\" data-prefix=\"_wpcf7_ak_\"><label>&#916;<textarea name=\"_wpcf7_ak_hp_textarea\" cols=\"45\" rows=\"8\" maxlength=\"100\"><\/textarea><\/label><input type=\"hidden\" id=\"ak_js_1\" name=\"_wpcf7_ak_js\" value=\"21\"\/><script>document.getElementById( \"ak_js_1\" ).setAttribute( \"value\", ( new Date() ).getTime() );<\/script><\/p><div class=\"wpcf7-response-output\" aria-hidden=\"true\"><\/div>\n<\/form>\n<\/div>\n\n","protected":false},"excerpt":{"rendered":"<p>Sur rendez-vous au chalet : 205 chemin des T\u00e2tes 74300 LOVAGNY Vous pouvez me joindre par t\u00e9l\u00e9phone : 06.23.13.22.94\u00a0\u00a0 ou en m&rsquo;envoyant un message en m&rsquo;indiquant bien votre demande, votre pr\u00e9nom et un num\u00e9ro de t\u00e9l\u00e9phone\u00a0 :<\/p>\n","protected":false},"author":1,"featured_media":0,"parent":0,"menu_order":0,"comment_status":"closed","ping_status":"closed","template":"","meta":{"footnotes":""},"class_list":["post-62","page","type-page","status-publish","hentry"],"yoast_head":"<!-- This site is optimized with the Yoast SEO plugin v24.9 - https:\/\/yoast.com\/wordpress\/plugins\/seo\/ -->\n<title>Contact - Aur\u00e9lie Renard<\/title>\n<meta name=\"description\" content=\"Prise de rendez-vous en ligne via psychologue.net avec le lien suivant : www.psychologue.net\/procard\/aurelie-renard\/social\" \/>\n<meta name=\"robots\" content=\"index, follow, max-snippet:-1, max-image-preview:large, max-video-preview:-1\" \/>\n<link rel=\"canonical\" href=\"https:\/\/aurelierenard.fr\/index.php\/contact\/\" \/>\n<meta property=\"og:locale\" content=\"fr_FR\" \/>\n<meta property=\"og:type\" content=\"article\" \/>\n<meta property=\"og:title\" content=\"Contact - Aur\u00e9lie Renard\" \/>\n<meta property=\"og:description\" content=\"Prise de rendez-vous en ligne via psychologue.net avec le lien suivant : www.psychologue.net\/procard\/aurelie-renard\/social\" \/>\n<meta property=\"og:url\" content=\"https:\/\/aurelierenard.fr\/index.php\/contact\/\" \/>\n<meta property=\"og:site_name\" content=\"Aur\u00e9lie Renard\" \/>\n<meta property=\"article:modified_time\" content=\"2024-09-12T11:25:31+00:00\" \/>\n<meta property=\"og:image\" content=\"http:\/\/cyle.fr\/aurel\/wp\/wp-content\/uploads\/2019\/02\/chalet-300x200.jpg\" \/>\n<meta name=\"twitter:card\" content=\"summary_large_image\" \/>\n<meta name=\"twitter:label1\" content=\"Dur\u00e9e de lecture estim\u00e9e\" \/>\n\t<meta name=\"twitter:data1\" content=\"1 minute\" \/>\n<script type=\"application\/ld+json\" class=\"yoast-schema-graph\">{\"@context\":\"https:\/\/schema.org\",\"@graph\":[{\"@type\":\"WebPage\",\"@id\":\"https:\/\/aurelierenard.fr\/index.php\/contact\/\",\"url\":\"https:\/\/aurelierenard.fr\/index.php\/contact\/\",\"name\":\"Contact - Aur\u00e9lie Renard\",\"isPartOf\":{\"@id\":\"https:\/\/aurelierenard.fr\/#website\"},\"primaryImageOfPage\":{\"@id\":\"https:\/\/aurelierenard.fr\/index.php\/contact\/#primaryimage\"},\"image\":{\"@id\":\"https:\/\/aurelierenard.fr\/index.php\/contact\/#primaryimage\"},\"thumbnailUrl\":\"http:\/\/cyle.fr\/aurel\/wp\/wp-content\/uploads\/2019\/02\/chalet-300x200.jpg\",\"datePublished\":\"2018-11-20T14:55:00+00:00\",\"dateModified\":\"2024-09-12T11:25:31+00:00\",\"description\":\"Prise de rendez-vous en ligne via psychologue.net avec le lien suivant : www.psychologue.net\/procard\/aurelie-renard\/social\",\"breadcrumb\":{\"@id\":\"https:\/\/aurelierenard.fr\/index.php\/contact\/#breadcrumb\"},\"inLanguage\":\"fr-FR\",\"potentialAction\":[{\"@type\":\"ReadAction\",\"target\":[\"https:\/\/aurelierenard.fr\/index.php\/contact\/\"]}]},{\"@type\":\"ImageObject\",\"inLanguage\":\"fr-FR\",\"@id\":\"https:\/\/aurelierenard.fr\/index.php\/contact\/#primaryimage\",\"url\":\"http:\/\/cyle.fr\/aurel\/wp\/wp-content\/uploads\/2019\/02\/chalet-300x200.jpg\",\"contentUrl\":\"http:\/\/cyle.fr\/aurel\/wp\/wp-content\/uploads\/2019\/02\/chalet-300x200.jpg\"},{\"@type\":\"BreadcrumbList\",\"@id\":\"https:\/\/aurelierenard.fr\/index.php\/contact\/#breadcrumb\",\"itemListElement\":[{\"@type\":\"ListItem\",\"position\":1,\"name\":\"Accueil\",\"item\":\"https:\/\/aurelierenard.fr\/\"},{\"@type\":\"ListItem\",\"position\":2,\"name\":\"Contact\"}]},{\"@type\":\"WebSite\",\"@id\":\"https:\/\/aurelierenard.fr\/#website\",\"url\":\"https:\/\/aurelierenard.fr\/\",\"name\":\"Aur\u00e9lie Renard\",\"description\":\"Psychopraticienne - th\u00e9rapie de l&#039;Enfant Int\u00e9rieur - \u00e9nerg\u00e9ticienne\",\"potentialAction\":[{\"@type\":\"SearchAction\",\"target\":{\"@type\":\"EntryPoint\",\"urlTemplate\":\"https:\/\/aurelierenard.fr\/?s={search_term_string}\"},\"query-input\":{\"@type\":\"PropertyValueSpecification\",\"valueRequired\":true,\"valueName\":\"search_term_string\"}}],\"inLanguage\":\"fr-FR\"}]}<\/script>\n<!-- \/ Yoast SEO plugin. -->","yoast_head_json":{"title":"Contact - Aur\u00e9lie Renard","description":"Prise de rendez-vous en ligne via psychologue.net avec le lien suivant : www.psychologue.net\/procard\/aurelie-renard\/social","robots":{"index":"index","follow":"follow","max-snippet":"max-snippet:-1","max-image-preview":"max-image-preview:large","max-video-preview":"max-video-preview:-1"},"canonical":"https:\/\/aurelierenard.fr\/index.php\/contact\/","og_locale":"fr_FR","og_type":"article","og_title":"Contact - Aur\u00e9lie Renard","og_description":"Prise de rendez-vous en ligne via psychologue.net avec le lien suivant : www.psychologue.net\/procard\/aurelie-renard\/social","og_url":"https:\/\/aurelierenard.fr\/index.php\/contact\/","og_site_name":"Aur\u00e9lie Renard","article_modified_time":"2024-09-12T11:25:31+00:00","og_image":[{"url":"http:\/\/cyle.fr\/aurel\/wp\/wp-content\/uploads\/2019\/02\/chalet-300x200.jpg","type":"","width":"","height":""}],"twitter_card":"summary_large_image","twitter_misc":{"Dur\u00e9e de lecture estim\u00e9e":"1 minute"},"schema":{"@context":"https:\/\/schema.org","@graph":[{"@type":"WebPage","@id":"https:\/\/aurelierenard.fr\/index.php\/contact\/","url":"https:\/\/aurelierenard.fr\/index.php\/contact\/","name":"Contact - Aur\u00e9lie Renard","isPartOf":{"@id":"https:\/\/aurelierenard.fr\/#website"},"primaryImageOfPage":{"@id":"https:\/\/aurelierenard.fr\/index.php\/contact\/#primaryimage"},"image":{"@id":"https:\/\/aurelierenard.fr\/index.php\/contact\/#primaryimage"},"thumbnailUrl":"http:\/\/cyle.fr\/aurel\/wp\/wp-content\/uploads\/2019\/02\/chalet-300x200.jpg","datePublished":"2018-11-20T14:55:00+00:00","dateModified":"2024-09-12T11:25:31+00:00","description":"Prise de rendez-vous en ligne via psychologue.net avec le lien suivant : www.psychologue.net\/procard\/aurelie-renard\/social","breadcrumb":{"@id":"https:\/\/aurelierenard.fr\/index.php\/contact\/#breadcrumb"},"inLanguage":"fr-FR","potentialAction":[{"@type":"ReadAction","target":["https:\/\/aurelierenard.fr\/index.php\/contact\/"]}]},{"@type":"ImageObject","inLanguage":"fr-FR","@id":"https:\/\/aurelierenard.fr\/index.php\/contact\/#primaryimage","url":"http:\/\/cyle.fr\/aurel\/wp\/wp-content\/uploads\/2019\/02\/chalet-300x200.jpg","contentUrl":"http:\/\/cyle.fr\/aurel\/wp\/wp-content\/uploads\/2019\/02\/chalet-300x200.jpg"},{"@type":"BreadcrumbList","@id":"https:\/\/aurelierenard.fr\/index.php\/contact\/#breadcrumb","itemListElement":[{"@type":"ListItem","position":1,"name":"Accueil","item":"https:\/\/aurelierenard.fr\/"},{"@type":"ListItem","position":2,"name":"Contact"}]},{"@type":"WebSite","@id":"https:\/\/aurelierenard.fr\/#website","url":"https:\/\/aurelierenard.fr\/","name":"Aur\u00e9lie Renard","description":"Psychopraticienne - th\u00e9rapie de l&#039;Enfant Int\u00e9rieur - \u00e9nerg\u00e9ticienne","potentialAction":[{"@type":"SearchAction","target":{"@type":"EntryPoint","urlTemplate":"https:\/\/aurelierenard.fr\/?s={search_term_string}"},"query-input":{"@type":"PropertyValueSpecification","valueRequired":true,"valueName":"search_term_string"}}],"inLanguage":"fr-FR"}]}},"_links":{"self":[{"href":"https:\/\/aurelierenard.fr\/index.php\/wp-json\/wp\/v2\/pages\/62","targetHints":{"allow":["GET"]}}],"collection":[{"href":"https:\/\/aurelierenard.fr\/index.php\/wp-json\/wp\/v2\/pages"}],"about":[{"href":"https:\/\/aurelierenard.fr\/index.php\/wp-json\/wp\/v2\/types\/page"}],"author":[{"embeddable":true,"href":"https:\/\/aurelierenard.fr\/index.php\/wp-json\/wp\/v2\/users\/1"}],"replies":[{"embeddable":true,"href":"https:\/\/aurelierenard.fr\/index.php\/wp-json\/wp\/v2\/comments?post=62"}],"version-history":[{"count":20,"href":"https:\/\/aurelierenard.fr\/index.php\/wp-json\/wp\/v2\/pages\/62\/revisions"}],"predecessor-version":[{"id":2524,"href":"https:\/\/aurelierenard.fr\/index.php\/wp-json\/wp\/v2\/pages\/62\/revisions\/2524"}],"wp:attachment":[{"href":"https:\/\/aurelierenard.fr\/index.php\/wp-json\/wp\/v2\/media?parent=62"}],"curies":[{"name":"wp","href":"https:\/\/api.w.org\/{rel}","templated":true}]}}